 Let l(x) = -2*x - 12. Let m be l(-8). List the prime factors of d(m).
2, 5, 13
What are the prime factors of (-93844)/24*-6 + -3?
2, 37, 317
Suppose -10*g = -958 + 158. Let b = g - 134. Let f = 2 - b. List the prime factors of f.
2, 7
Suppose -175396 - 132419 = -27*a - 59199. List the prime factors of a.
2, 1151
Let t(m) = 976*m - 9. Let v be t(1). Let w = -689 + v. List the prime factors of w.
2, 139
Suppose -30*q + 34*q - 4*t = 168664, 0 = q + 2*t - 42178. What are the prime factors of q?
2, 5, 4217
List the prime factors of 607829/57 - (-2)/(-3).
10663
Let n(q) = -q**3 - 18*q**2 - 14*q - 41. Suppose -4*x = -5*a - 0*x - 80, -30 = 2*a - 2*x. List the prime factors of n(a).
1039
List the prime factors of (10/(-15))/((-2002075)/(-2502750) + 8/(-10)).
2, 47, 71
Let h be 232*(1 + 5 + -1 + -4). Suppose -2*c = -2*w - h, -2*c + 3*w = -0*c - 231. List the prime factors of c.
3, 13
Let v = 4138 - 1918. Suppose -q = -4*i - 462, -5*q + 4*i = -v - 10. List the prime factors of q.
2, 13, 17
Let z = 50 - 34. Suppose -6*s - z = -2*s. What are the prime factors of ((-4)/(s/23))/(4 + -3)?
23
Let r(a) = -3*a - 2*a**2 + 1 - 5 + 5*a**2. Let k be (-5)/(-2)*534/(-445). List the prime factors of r(k).
2
Suppose -6*k = 3*k + 1422. Let o = 403 + k. Suppose r + o = -5*j + 614, j - 3*r = 77. List the prime factors of j.
2, 37
What are the prime factors of (-1851)/(-2)*(-8 + 946/33)?
31, 617
Let o(h) = 2*h**3 + 119*h**2 + 113*h + 300. List the prime factors of o(-58).
2, 19, 101
Suppose 4162 + 2432 = 2*j. List the prime factors of j.
3, 7, 157
Suppose -4*h - 596 = -16. Let i = h + 350. What are the prime factors of i?
5, 41
List the prime factors of (1*(-6)/3)/(132/(-2812392)).
2, 3, 53, 67
Let l(s) = 7*s**2 + s + 13. Suppose 0 = -k + 5, -g + 3*k - k = 17. List the prime factors of l(g).
349
Let j(h) = h**3 - 7*h**2 + 12*h + 2. Let l be j(5). What are the prime factors of ((-10)/(140/(-1057)))/(2/l)?
3, 151
Let f(x) = 55*x + 144. List the prime factors of f(14).
2, 457
Suppose -15*n + 681318 = 35*n + 61*n. List the prime factors of n.
2, 3, 11, 31
Suppose j = -l + 26853, 2*l - 1618*j = -1616*j + 53702. What are the prime factors of l?
2, 7, 137
What are the prime factors of ((-9974985)/276)/((-10)/8)?
29, 997
Suppose -38 = 3*z - 22*z. Suppose -2 = t - 0, 5*t = -z*x + 628. List the prime factors of x.
11, 29
Let b = 7369 + 894. What are the prime factors of b?
8263
Let o = 1139 - -11. Let g = -360 + o. What are the prime factors of g?
2, 5, 79
What are the prime factors of ((-15355)/332)/(1/(-368))?
2, 5, 23, 37
Suppose -4*m + 9*o = 4*o + 125, 2*o = 2*m + 60. Suppose -3*r + 8 = -4*f, -f + 6 = -4*f - 4*r. Let d = f - m. List the prime factors of d.
23
Suppose -50*n - 19*n = -89*n + 924800. What are the prime factors of n?
2, 5, 17
Let x = 6753 + -3630. Suppose -1089 + x = 6*g. What are the prime factors of g?
3, 113
Suppose 0 = 2*p + 2*m + 10, 21*p - 11 = 22*p + 4*m. Let w(q) = -30*q**3 - 3*q**2 + 4*q + 11. List the prime factors of w(p).
2, 17, 23
Let v(h) = 415*h + 7 + 8 + 0 - 11. List the prime factors of v(1).
419
Suppose 3*s + 3*i - 405 = 0, 4*i - 3*i = -5*s + 691. List the prime factors of s.
139
Suppose c + 2*t - 7243 = 0, -138*c + 133*c + 36299 = -4*t. What are the prime factors of c?
5, 1451
Let o(l) = 504*l + 64. Let h(s) = -s**3 - 3*s**2 + 13*s + 17. Let k be h(-5). What are the prime factors of o(k)?
2, 67
Suppose -9*c + 4076 = -2107. Let j = c - 120. What are the prime factors of j?
3, 7
Suppose 0 = -10*c - 36 + 96. Suppose -c*k - 14*k = -4320. What are the prime factors of k?
2, 3
Let y be (-3 + 174/24 - 3)*4. Suppose 2*z + 2*u + 288 - 1104 = 0, 3*z = -y*u + 1226. List the prime factors of z.
11, 37
Let v = 52823 - 17973. What are the prime factors of v?
2, 5, 17, 41
Let h be (9/5)/(3/290). Suppose 183*n - 10647 = h*n. List the prime factors of n.
7, 13
Suppose 0 = -13*x + 50 - 414. What are the prime factors of (x/15 - -2) + 2598/90?
29
Let o = 189 - 217. Let x = 261 - o. List the prime factors of x.
17
Suppose 916578 = -17017*h + 17035*h. What are the prime factors of h?
13, 3917
Let f(l) = -331*l - 589. List the prime factors of f(-43).
2, 3, 379
Suppose -4*o + 2*s = -201564, 174*s - 170*s + 100782 = 2*o. List the prime factors of o.
3, 11, 509
Suppose 2*o = s + 1, -3*o + 8 = 2. Suppose -s*c = -j + 502, -c - 357 = -j + 137. List the prime factors of j.
2, 5, 7
Suppose 0 = -3*u + 5311 + 4352. List the prime factors of u.
3221
Let b(z) = 4913*z**2 - 126*z - 367. List the prime factors of b(-3).
2, 11057
Let z(y) = -y**2 - 92*y + 95. What are the prime factors of z(-61)?
2, 3, 331
Let g = 3995 - 2507. Suppose -3*r - 10*x + 7*x + g = 0, 0 = -3*r + 2*x + 1498. What are the prime factors of r?
2, 3, 83
Let c = 1735 - 175. Suppose 7*v = v + c. List the prime factors of v.
2, 5, 13
Suppose 19 - 161 = 2*j. Let z = j - -145. What are the prime factors of z?
2, 37
Let t be (-8)/6 - (-2)/6. Suppose 0 = -3*y + z - 30, 0 = y + 5*z - 784 + 778. List the prime factors of (t + y)/20 + 471/2.
5, 47
Let h = 84 + -18. Let j = 30 - h. Let n = -15 - j. What are the prime factors of n?
3, 7
Let z(n) = 264*n + 976. What are the prime factors of z(0)?
2, 61
Let q(u) = -5*u**2 + 6*u + 20. Let h be q(7). Let f = 285 - h. What are the prime factors of f?
2, 3, 13
Suppose -13*d - 19*d + 128 = 0. Suppose 14*k - 10*k - d*w = 5220, -2*k + 4*w + 2616 = 0. List the prime factors of k.
2, 3, 7, 31
List the prime factors of (5/1 - (-13 + (-520)/(-30)))*3147.
2, 1049
Let n = -23 + 21. Let s be (0 - -2)*n/(-3 - -1). Suppose -s*t = 5*i - 17, i - 27 = -5*t + 4*i. What are the prime factors of t?
2, 3
Suppose 2*q - 9*h - 13098 = -5*h, 4*h - 19707 = -3*q. List the prime factors of q.
3
Let l = -868 + 2530. Suppose 9*b + l = 12*b. What are the prime factors of b?
2, 277
List the prime factors of 4/(-10) + 3395520/675.
2, 5, 503
Let u(h) = -44*h + 1071. List the prime factors of u(-58).
3623
Let p = 374 + 351. What are the prime factors of p?
5, 29
Let y(g) be the first derivative of g**4/4 - 3*g**3 - g**2 + 6*g + 11. List the prime factors of y(12).
2, 3, 23
Suppose 4*t - 3232 = -173*w + 177*w, -4*t - 3*w = -3267. What are the prime factors of t?
3, 271
Suppose 0 = -99*v + 96*v + 12. List the prime factors of (-122)/v*(3 - -33)/(-3).
2, 3, 61
Let q(g) = -1960*g + 577. What are the prime factors of q(-4)?
19, 443
Suppose 96*s + 384*s - 286619 - 455941 = 0. List the prime factors of s.
7, 13, 17
Let a = -6270 - -7262. What are the prime factors of a?
2, 31
What are the prime factors of ((-165)/110)/(1/(-6)) - -28722?
3, 61, 157
Let t = 193340 - 107969. List the prime factors of t.
3, 11, 13, 199
Suppose -2*b = -5*y + 1011, -2*y + b + 411 = -2*b. Let a = 334 - y. What are the prime factors of a?
7, 19
Suppose -3*v = -4*u - 8, v = -3*u - 0*u + 20. Suppose 24 = 8*b - v. Suppose b*x + x = 25. What are the prime factors of x?
5
Let z(b) = -b**3 + 16*b**2 - 8*b + 19. Let w be -2*(2 + 57/(-6) + 0). What are the prime factors of z(w)?
2, 31
Suppose 0 = -3*z + 4*z + 4. Let g be ((-854)/(-14))/((2 + -3)/z). Suppose -6 = 3*m, -4*j - m - 14 + g = 0. List the prime factors of j.
2, 29
Let i(d) = 2*d. Let b be i(0). Let l(k) = -2*k + 3. Let c be l(b). Suppose 5*y + t - 512 + 117 = 0, -237 = -c*y - t. What are the prime factors of y?
79
Suppose 3*t = 5*y - 9*y + 42239, -3*y = 5*t - 70391. What are the prime factors of t?
7, 2011
What are the prime factors of ((-108)/72)/((-9)/43968)?
2, 229
Let n be (-1)/3*(0 + -141). Let k be (-250)/60 + 4 - (-28)/24. Let z = n - k. List the prime factors of z.
2, 23
Suppose -44 = -6*c - 2*p + 78, 0 = 2*c + 2*p - 34. Suppose -6 = -3*x, 4*k = x + 4*x + 7790. Suppose c*f - 9*f - k = 0. List the prime factors of f.
2, 3, 5
Let n(m) be the third derivative of 17/3*m**3 + 0 - 1/24*m**4 + 3*m - 12*m**2. List the prime factors of n(9).
5
Suppose 137938 + 22712 = 10*k. List the prime factors of (-2)/(-3)*k/30.
3, 7, 17
Let k(h) = 2*h + 1777. List the prime factors of k(0).
1777
Suppose 0 = -14*v + 8*v + 936. Let o = 275 - v. List the prime factors of o.
7, 17
Let q = 40 - 38. Suppose 2*r - 2*x = 2*x + 16, -q*x = -5*r. What are the prime factors of (552/(-20) + r)/(6/(-15))?
2, 37
Let f(n) = -5*n**3 + 3*n**2 + 2*n - 3. Let r be f(-3). Let s = -749 + 666. Let x = s + r. List the prim